{"id":7468,"date":"2018-09-04T20:17:45","date_gmt":"2018-09-04T18:17:45","guid":{"rendered":"https:\/\/mestergull.no\/dahlsveen\/produkt\/pendant-hook-18-karat-yellow-gold-with-grey-moon-s\/"},"modified":"2024-09-22T00:07:54","modified_gmt":"2024-09-21T22:07:54","slug":"pendant-hook-18-karat-yellow-gold-with-grey-moon-s","status":"publish","type":"product","link":"https:\/\/mestergull.no\/dahlsveen\/produkt\/pendant-hook-18-karat-yellow-gold-with-grey-moon-s\/","title":{"rendered":"\u00d8repynt Gult gull"},"content":{"rendered":"<ul>\n<li>Gult gull 750<\/li>\n<li>Gr\u00e5 m\u00e5nesten<\/li>\n<\/ul>\n","protected":false},"excerpt":{"rendered":"<p>Vedheng til \u00f8repynt i 18kt. gult gull med gr\u00e5 m\u00e5nesten<\/p>\n","protected":false},"featured_media":4353,"comment_status":"open","ping_status":"closed","template":"","meta":{"_acf_changed":false},"product_cat":[268],"product_tag":[],"merke":[212],"product_serie":[],"produsent":[],"leverandor":[168],"varetype":[],"geografisk_tilknytning":[],"varegruppe":[{"id":24,"name":"Gullsmykker","slug":"gullsmykker"}],"butikkrettigheter":[],"class_list":{"0":"post-7468","1":"product","2":"type-product","3":"status-publish","4":"has-post-thumbnail","6":"product_cat-orepynt","7":"product_brand-ole-lynggaard","8":"product_leverandor-ole-lynggaard-copenhagen","9":"varegruppe-gullsmykker","11":"first","12":"instock","13":"taxable","14":"shipping-taxable","15":"purchasable","16":"product-type-simple"},"acf":[],"product_brand":[{"id":212,"name":"OLE LYNGGAARD COPENHAGEN","slug":"ole-lynggaard"}],"product_leverandor":[{"id":168,"name":"Ole Lynggaard Copenhagen","slug":"ole-lynggaard-copenhagen"}],"_links":{"self":[{"href":"https:\/\/mestergull.no\/dahlsveen\/wp-json\/wp\/v2\/product\/7468"}],"collection":[{"href":"https:\/\/mestergull.no\/dahlsveen\/wp-json\/wp\/v2\/product"}],"about":[{"href":"https:\/\/mestergull.no\/dahlsveen\/wp-json\/wp\/v2\/types\/product"}],"replies":[{"embeddable":true,"href":"https:\/\/mestergull.no\/dahlsveen\/wp-json\/wp\/v2\/comments?post=7468"}],"wp:featuredmedia":[{"embeddable":true,"href":"https:\/\/mestergull.no\/dahlsveen\/wp-json\/wp\/v2\/media\/4353"}],"wp:attachment":[{"href":"https:\/\/mestergull.no\/dahlsveen\/wp-json\/wp\/v2\/media?parent=7468"}],"wp:term":[{"taxonomy":"product_cat","embeddable":true,"href":"https:\/\/mestergull.no\/dahlsveen\/wp-json\/wp\/v2\/product_cat?post=7468"},{"taxonomy":"product_tag","embeddable":true,"href":"https:\/\/mestergull.no\/dahlsveen\/wp-json\/wp\/v2\/product_tag?post=7468"},{"taxonomy":"product_brand","embeddable":true,"href":"https:\/\/mestergull.no\/dahlsveen\/wp-json\/wp\/v2\/merke?post=7468"},{"taxonomy":"product_serie","embeddable":true,"href":"https:\/\/mestergull.no\/dahlsveen\/wp-json\/wp\/v2\/product_serie?post=7468"},{"taxonomy":"produsent","embeddable":true,"href":"https:\/\/mestergull.no\/dahlsveen\/wp-json\/wp\/v2\/produsent?post=7468"},{"taxonomy":"product_leverandor","embeddable":true,"href":"https:\/\/mestergull.no\/dahlsveen\/wp-json\/wp\/v2\/leverandor?post=7468"},{"taxonomy":"varetype","embeddable":true,"href":"https:\/\/mestergull.no\/dahlsveen\/wp-json\/wp\/v2\/varetype?post=7468"},{"taxonomy":"geografisk_tilknytning","embeddable":true,"href":"https:\/\/mestergull.no\/dahlsveen\/wp-json\/wp\/v2\/geografisk_tilknytning?post=7468"},{"taxonomy":"varegruppe","embeddable":true,"href":"https:\/\/mestergull.no\/dahlsveen\/wp-json\/wp\/v2\/varegruppe?post=7468"},{"taxonomy":"butikkrettigheter","embeddable":true,"href":"https:\/\/mestergull.no\/dahlsveen\/wp-json\/wp\/v2\/butikkrettigheter?post=7468"}],"curies":[{"name":"wp","href":"https:\/\/api.w.org\/{rel}","templated":true}]}}