{"id":9328,"date":"2018-09-04T21:01:43","date_gmt":"2018-09-04T19:01:43","guid":{"rendered":"https:\/\/mestergull.no\/dahlsveen\/produkt\/harklype-oda-3\/"},"modified":"2026-01-28T05:52:58","modified_gmt":"2026-01-28T04:52:58","slug":"harklype-oda-3","status":"publish","type":"product","link":"https:\/\/mestergull.no\/dahlsveen\/produkt\/harklype-oda-3\/","title":{"rendered":"H\u00e5rklype Oda"},"content":{"rendered":"<ul>\n<li>S\u00f8lv 830S<\/li>\n<li>Hvit<\/li>\n<li>M\u00e5l: 18 mm<\/li>\n<\/ul>\n","protected":false},"excerpt":{"rendered":"<p>H\u00e5rklype i hvitt s\u00f8lv til de fleste bunader. Finnes i flere st\u00f8rrelser og farger.<\/p>\n","protected":false},"featured_media":1720,"comment_status":"open","ping_status":"closed","template":"","meta":{"_acf_changed":false},"product_cat":[273],"product_tag":[],"merke":[234],"product_serie":[],"produsent":[],"leverandor":[169],"varetype":[],"geografisk_tilknytning":[{"id":93,"name":"Aust - Agder","slug":"aust-agder"},{"id":96,"name":"Bardu - M\u00e5lselv","slug":"bardu-malselv"},{"id":101,"name":"Fana","slug":"fana"},{"id":102,"name":"Follo","slug":"follo"},{"id":103,"name":"Fusa","slug":"fusa"},{"id":106,"name":"Hallingdal","slug":"hallingdal"},{"id":108,"name":"Hardanger","slug":"hardanger"},{"id":114,"name":"Lofoten","slug":"lofoten"},{"id":116,"name":"Meldal","slug":"meldal"},{"id":117,"name":"Modum","slug":"modum"},{"id":118,"name":"Namdal","slug":"namdal"},{"id":119,"name":"Nedre Buskerud","slug":"nedre-buskerud"},{"id":122,"name":"Nordhordland","slug":"nordhordland"},{"id":126,"name":"Numedal - Brodert","slug":"numedal-brodert"},{"id":133,"name":"Os","slug":"os"},{"id":137,"name":"Rogaland Gravert","slug":"rogaland-gravert"},{"id":143,"name":"Samnanger","slug":"samnanger"},{"id":146,"name":"Sotra","slug":"sotra"},{"id":148,"name":"Sunnhordland","slug":"sunnhordland"},{"id":149,"name":"Sunnm\u00f8re","slug":"sunnmore"},{"id":152,"name":"Tysnes","slug":"tysnes"},{"id":154,"name":"Vest - Agder","slug":"vest-agder"},{"id":158,"name":"Voss","slug":"voss"}],"varegruppe":[{"id":29,"name":"S\u00f8lvsmykker","slug":"solvsmykker"}],"butikkrettigheter":[],"class_list":{"0":"post-9328","1":"product","2":"type-product","3":"status-publish","4":"has-post-thumbnail","6":"product_cat-diverse","7":"product_brand-sylvsmidja","8":"product_leverandor-sylvsmidja-as","9":"geografisk_tilknytning-aust-agder","10":"geografisk_tilknytning-bardu-malselv","11":"geografisk_tilknytning-fana","12":"geografisk_tilknytning-follo","13":"geografisk_tilknytning-fusa","14":"geografisk_tilknytning-hallingdal","15":"geografisk_tilknytning-hardanger","16":"geografisk_tilknytning-lofoten","17":"geografisk_tilknytning-meldal","18":"geografisk_tilknytning-modum","19":"geografisk_tilknytning-namdal","20":"geografisk_tilknytning-nedre-buskerud","21":"geografisk_tilknytning-nordhordland","22":"geografisk_tilknytning-numedal-brodert","23":"geografisk_tilknytning-os","24":"geografisk_tilknytning-rogaland-gravert","25":"geografisk_tilknytning-samnanger","26":"geografisk_tilknytning-sotra","27":"geografisk_tilknytning-sunnhordland","28":"geografisk_tilknytning-sunnmore","29":"geografisk_tilknytning-tysnes","30":"geografisk_tilknytning-vest-agder","31":"geografisk_tilknytning-voss","32":"varegruppe-solvsmykker","34":"first","35":"outofstock","36":"taxable","37":"shipping-taxable","38":"purchasable","39":"product-type-simple"},"acf":[],"product_brand":[{"id":234,"name":"SYLVSMIDJA","slug":"sylvsmidja"}],"product_leverandor":[{"id":169,"name":"Sylvsmidja AS","slug":"sylvsmidja-as"}],"_links":{"self":[{"href":"https:\/\/mestergull.no\/dahlsveen\/wp-json\/wp\/v2\/product\/9328"}],"collection":[{"href":"https:\/\/mestergull.no\/dahlsveen\/wp-json\/wp\/v2\/product"}],"about":[{"href":"https:\/\/mestergull.no\/dahlsveen\/wp-json\/wp\/v2\/types\/product"}],"replies":[{"embeddable":true,"href":"https:\/\/mestergull.no\/dahlsveen\/wp-json\/wp\/v2\/comments?post=9328"}],"wp:featuredmedia":[{"embeddable":true,"href":"https:\/\/mestergull.no\/dahlsveen\/wp-json\/wp\/v2\/media\/1720"}],"wp:attachment":[{"href":"https:\/\/mestergull.no\/dahlsveen\/wp-json\/wp\/v2\/media?parent=9328"}],"wp:term":[{"taxonomy":"product_cat","embeddable":true,"href":"https:\/\/mestergull.no\/dahlsveen\/wp-json\/wp\/v2\/product_cat?post=9328"},{"taxonomy":"product_tag","embeddable":true,"href":"https:\/\/mestergull.no\/dahlsveen\/wp-json\/wp\/v2\/product_tag?post=9328"},{"taxonomy":"product_brand","embeddable":true,"href":"https:\/\/mestergull.no\/dahlsveen\/wp-json\/wp\/v2\/merke?post=9328"},{"taxonomy":"product_serie","embeddable":true,"href":"https:\/\/mestergull.no\/dahlsveen\/wp-json\/wp\/v2\/product_serie?post=9328"},{"taxonomy":"produsent","embeddable":true,"href":"https:\/\/mestergull.no\/dahlsveen\/wp-json\/wp\/v2\/produsent?post=9328"},{"taxonomy":"product_leverandor","embeddable":true,"href":"https:\/\/mestergull.no\/dahlsveen\/wp-json\/wp\/v2\/leverandor?post=9328"},{"taxonomy":"varetype","embeddable":true,"href":"https:\/\/mestergull.no\/dahlsveen\/wp-json\/wp\/v2\/varetype?post=9328"},{"taxonomy":"geografisk_tilknytning","embeddable":true,"href":"https:\/\/mestergull.no\/dahlsveen\/wp-json\/wp\/v2\/geografisk_tilknytning?post=9328"},{"taxonomy":"varegruppe","embeddable":true,"href":"https:\/\/mestergull.no\/dahlsveen\/wp-json\/wp\/v2\/varegruppe?post=9328"},{"taxonomy":"butikkrettigheter","embeddable":true,"href":"https:\/\/mestergull.no\/dahlsveen\/wp-json\/wp\/v2\/butikkrettigheter?post=9328"}],"curies":[{"name":"wp","href":"https:\/\/api.w.org\/{rel}","templated":true}]}}