{"id":43238,"date":"2019-04-27T03:04:59","date_gmt":"2019-04-27T01:04:59","guid":{"rendered":"https:\/\/mestergull.no\/melhus\/produkt\/karmoysloyfen\/"},"modified":"2026-03-05T06:28:06","modified_gmt":"2026-03-05T05:28:06","slug":"karmoysloyfen","status":"publish","type":"product","link":"https:\/\/mestergull.no\/melhus\/produkt\/karmoysloyfen\/","title":{"rendered":"Karm\u00f8ysl\u00f8yfen"},"content":{"rendered":"<ul>\n<li>S\u00f8lv 830S<\/li>\n<li>Oksidert<\/li>\n<li>Karm\u00f8y kommunev\u00e5pen<\/li>\n<\/ul>\n","protected":false},"excerpt":{"rendered":"<p>Flott 17. mai sl\u00f8yfe med Karm\u00f8y kommunev\u00e5pen i s\u00f8lv.<\/p>\n","protected":false},"featured_media":43126,"comment_status":"open","ping_status":"closed","template":"","meta":{"_acf_changed":false},"product_cat":[215],"product_tag":[],"merke":[427],"product_serie":[],"produsent":[],"leverandor":[429],"varetype":[],"geografisk_tilknytning":[{"id":432,"name":"Karm\u00f8y","slug":"karmoy"}],"varegruppe":[{"id":29,"name":"S\u00f8lvsmykker","slug":"solvsmykker"}],"butikkrettigheter":[],"class_list":{"0":"post-43238","1":"product","2":"type-product","3":"status-publish","4":"has-post-thumbnail","6":"product_cat-nal","7":"product_brand-lokal-bunad","8":"product_leverandor-jacob-c-melhus-as","9":"geografisk_tilknytning-karmoy","10":"varegruppe-solvsmykker","12":"first","13":"outofstock","14":"taxable","15":"shipping-taxable","16":"purchasable","17":"product-type-simple"},"acf":[],"product_brand":[{"id":427,"name":"LOKAL BUNAD","slug":"lokal-bunad"}],"product_leverandor":[{"id":429,"name":"Jacob C. Melhus AS","slug":"jacob-c-melhus-as"}],"_links":{"self":[{"href":"https:\/\/mestergull.no\/melhus\/wp-json\/wp\/v2\/product\/43238"}],"collection":[{"href":"https:\/\/mestergull.no\/melhus\/wp-json\/wp\/v2\/product"}],"about":[{"href":"https:\/\/mestergull.no\/melhus\/wp-json\/wp\/v2\/types\/product"}],"replies":[{"embeddable":true,"href":"https:\/\/mestergull.no\/melhus\/wp-json\/wp\/v2\/comments?post=43238"}],"wp:featuredmedia":[{"embeddable":true,"href":"https:\/\/mestergull.no\/melhus\/wp-json\/wp\/v2\/media\/43126"}],"wp:attachment":[{"href":"https:\/\/mestergull.no\/melhus\/wp-json\/wp\/v2\/media?parent=43238"}],"wp:term":[{"taxonomy":"product_cat","embeddable":true,"href":"https:\/\/mestergull.no\/melhus\/wp-json\/wp\/v2\/product_cat?post=43238"},{"taxonomy":"product_tag","embeddable":true,"href":"https:\/\/mestergull.no\/melhus\/wp-json\/wp\/v2\/product_tag?post=43238"},{"taxonomy":"product_brand","embeddable":true,"href":"https:\/\/mestergull.no\/melhus\/wp-json\/wp\/v2\/merke?post=43238"},{"taxonomy":"product_serie","embeddable":true,"href":"https:\/\/mestergull.no\/melhus\/wp-json\/wp\/v2\/product_serie?post=43238"},{"taxonomy":"produsent","embeddable":true,"href":"https:\/\/mestergull.no\/melhus\/wp-json\/wp\/v2\/produsent?post=43238"},{"taxonomy":"product_leverandor","embeddable":true,"href":"https:\/\/mestergull.no\/melhus\/wp-json\/wp\/v2\/leverandor?post=43238"},{"taxonomy":"varetype","embeddable":true,"href":"https:\/\/mestergull.no\/melhus\/wp-json\/wp\/v2\/varetype?post=43238"},{"taxonomy":"geografisk_tilknytning","embeddable":true,"href":"https:\/\/mestergull.no\/melhus\/wp-json\/wp\/v2\/geografisk_tilknytning?post=43238"},{"taxonomy":"varegruppe","embeddable":true,"href":"https:\/\/mestergull.no\/melhus\/wp-json\/wp\/v2\/varegruppe?post=43238"},{"taxonomy":"butikkrettigheter","embeddable":true,"href":"https:\/\/mestergull.no\/melhus\/wp-json\/wp\/v2\/butikkrettigheter?post=43238"}],"curies":[{"name":"wp","href":"https:\/\/api.w.org\/{rel}","templated":true}]}}