{"id":7920,"date":"2018-09-06T13:56:27","date_gmt":"2018-09-06T11:56:27","guid":{"rendered":"https:\/\/mestergull.no\/melhus\/produkt\/stal-ankerkjede-arm-m-gg-hjerter-kar\/"},"modified":"2026-02-19T06:02:52","modified_gmt":"2026-02-19T05:02:52","slug":"stal-ankerkjede-arm-m-gg-hjerter-kar","status":"publish","type":"product","link":"https:\/\/mestergull.no\/melhus\/produkt\/stal-ankerkjede-arm-m-gg-hjerter-kar\/","title":{"rendered":"Armb\u00e5nd Mix"},"content":{"rendered":"<ul>\n<li>St\u00e5l<\/li>\n<li>Gult Gull 585<\/li>\n<\/ul>\n","protected":false},"excerpt":{"rendered":"<p>Tynt st\u00e5larmb\u00e5nd med 5 sm\u00e5 gult gull hjerter og logo.<\/p>\n","protected":false},"featured_media":8155,"comment_status":"open","ping_status":"closed","template":"","meta":{"_acf_changed":false},"product_cat":[210],"product_tag":[],"merke":[304],"product_serie":[{"id":53,"name":"Golden Heart","slug":"golden-heart"}],"produsent":[],"leverandor":[172],"varetype":[{"id":917,"name":"Armb\u00e5nd","slug":"armband-armsmykker"}],"geografisk_tilknytning":[],"varegruppe":[{"id":27,"name":"St\u00e5lsmykker","slug":"stalsmykker"}],"butikkrettigheter":[],"class_list":{"0":"post-7920","1":"product","2":"type-product","3":"status-publish","4":"has-post-thumbnail","6":"product_cat-armband","7":"product_brand-van-bergen","8":"product_serie-golden-heart","9":"product_leverandor-van-bergen-design-as","10":"varetype-armband-armsmykker","11":"varegruppe-stalsmykker","13":"first","14":"instock","15":"taxable","16":"shipping-taxable","17":"purchasable","18":"product-type-simple"},"acf":[],"product_brand":[{"id":304,"name":"VAN BERGEN","slug":"van-bergen"}],"product_leverandor":[{"id":172,"name":"Van Bergen Design AS","slug":"van-bergen-design-as"}],"_links":{"self":[{"href":"https:\/\/mestergull.no\/melhus\/wp-json\/wp\/v2\/product\/7920"}],"collection":[{"href":"https:\/\/mestergull.no\/melhus\/wp-json\/wp\/v2\/product"}],"about":[{"href":"https:\/\/mestergull.no\/melhus\/wp-json\/wp\/v2\/types\/product"}],"replies":[{"embeddable":true,"href":"https:\/\/mestergull.no\/melhus\/wp-json\/wp\/v2\/comments?post=7920"}],"wp:featuredmedia":[{"embeddable":true,"href":"https:\/\/mestergull.no\/melhus\/wp-json\/wp\/v2\/media\/8155"}],"wp:attachment":[{"href":"https:\/\/mestergull.no\/melhus\/wp-json\/wp\/v2\/media?parent=7920"}],"wp:term":[{"taxonomy":"product_cat","embeddable":true,"href":"https:\/\/mestergull.no\/melhus\/wp-json\/wp\/v2\/product_cat?post=7920"},{"taxonomy":"product_tag","embeddable":true,"href":"https:\/\/mestergull.no\/melhus\/wp-json\/wp\/v2\/product_tag?post=7920"},{"taxonomy":"product_brand","embeddable":true,"href":"https:\/\/mestergull.no\/melhus\/wp-json\/wp\/v2\/merke?post=7920"},{"taxonomy":"product_serie","embeddable":true,"href":"https:\/\/mestergull.no\/melhus\/wp-json\/wp\/v2\/product_serie?post=7920"},{"taxonomy":"produsent","embeddable":true,"href":"https:\/\/mestergull.no\/melhus\/wp-json\/wp\/v2\/produsent?post=7920"},{"taxonomy":"product_leverandor","embeddable":true,"href":"https:\/\/mestergull.no\/melhus\/wp-json\/wp\/v2\/leverandor?post=7920"},{"taxonomy":"varetype","embeddable":true,"href":"https:\/\/mestergull.no\/melhus\/wp-json\/wp\/v2\/varetype?post=7920"},{"taxonomy":"geografisk_tilknytning","embeddable":true,"href":"https:\/\/mestergull.no\/melhus\/wp-json\/wp\/v2\/geografisk_tilknytning?post=7920"},{"taxonomy":"varegruppe","embeddable":true,"href":"https:\/\/mestergull.no\/melhus\/wp-json\/wp\/v2\/varegruppe?post=7920"},{"taxonomy":"butikkrettigheter","embeddable":true,"href":"https:\/\/mestergull.no\/melhus\/wp-json\/wp\/v2\/butikkrettigheter?post=7920"}],"curies":[{"name":"wp","href":"https:\/\/api.w.org\/{rel}","templated":true}]}}