{"id":7960,"date":"2018-09-06T13:57:30","date_gmt":"2018-09-06T11:57:30","guid":{"rendered":"https:\/\/mestergull.no\/melhus\/produkt\/luna-orepynt-solv-mane-rd-6mm-2\/"},"modified":"2026-02-19T06:03:23","modified_gmt":"2026-02-19T05:03:23","slug":"luna-orepynt-solv-mane-rd-6mm-2","status":"publish","type":"product","link":"https:\/\/mestergull.no\/melhus\/produkt\/luna-orepynt-solv-mane-rd-6mm-2\/","title":{"rendered":"\u00d8repynt S\u00f8lv"},"content":{"rendered":"<ul>\n<li>S\u00f8lv 925S<\/li>\n<li>Gult Gull 585<\/li>\n<li>M\u00e5nesten<\/li>\n<\/ul>\n","protected":false},"excerpt":{"rendered":"<p>\u00d8repynt i s\u00f8lv og gult gull med m\u00e5nesten. Diameter 0,6 cm<\/p>\n","protected":false},"featured_media":8198,"comment_status":"open","ping_status":"closed","template":"","meta":{"_acf_changed":false},"product_cat":[216],"product_tag":[],"merke":[304],"product_serie":[{"id":67,"name":"Luna","slug":"luna"}],"produsent":[],"leverandor":[172],"varetype":[{"id":1073,"name":"Heng","slug":"heng"}],"geografisk_tilknytning":[],"varegruppe":[{"id":29,"name":"S\u00f8lvsmykker","slug":"solvsmykker"}],"butikkrettigheter":[],"class_list":{"0":"post-7960","1":"product","2":"type-product","3":"status-publish","4":"has-post-thumbnail","6":"product_cat-orepynt","7":"product_brand-van-bergen","8":"product_serie-luna","9":"product_leverandor-van-bergen-design-as","10":"varetype-heng","11":"varegruppe-solvsmykker","13":"first","14":"outofstock","15":"taxable","16":"shipping-taxable","17":"purchasable","18":"product-type-simple"},"acf":[],"product_brand":[{"id":304,"name":"VAN BERGEN","slug":"van-bergen"}],"product_leverandor":[{"id":172,"name":"Van Bergen Design AS","slug":"van-bergen-design-as"}],"_links":{"self":[{"href":"https:\/\/mestergull.no\/melhus\/wp-json\/wp\/v2\/product\/7960"}],"collection":[{"href":"https:\/\/mestergull.no\/melhus\/wp-json\/wp\/v2\/product"}],"about":[{"href":"https:\/\/mestergull.no\/melhus\/wp-json\/wp\/v2\/types\/product"}],"replies":[{"embeddable":true,"href":"https:\/\/mestergull.no\/melhus\/wp-json\/wp\/v2\/comments?post=7960"}],"wp:featuredmedia":[{"embeddable":true,"href":"https:\/\/mestergull.no\/melhus\/wp-json\/wp\/v2\/media\/8198"}],"wp:attachment":[{"href":"https:\/\/mestergull.no\/melhus\/wp-json\/wp\/v2\/media?parent=7960"}],"wp:term":[{"taxonomy":"product_cat","embeddable":true,"href":"https:\/\/mestergull.no\/melhus\/wp-json\/wp\/v2\/product_cat?post=7960"},{"taxonomy":"product_tag","embeddable":true,"href":"https:\/\/mestergull.no\/melhus\/wp-json\/wp\/v2\/product_tag?post=7960"},{"taxonomy":"product_brand","embeddable":true,"href":"https:\/\/mestergull.no\/melhus\/wp-json\/wp\/v2\/merke?post=7960"},{"taxonomy":"product_serie","embeddable":true,"href":"https:\/\/mestergull.no\/melhus\/wp-json\/wp\/v2\/product_serie?post=7960"},{"taxonomy":"produsent","embeddable":true,"href":"https:\/\/mestergull.no\/melhus\/wp-json\/wp\/v2\/produsent?post=7960"},{"taxonomy":"product_leverandor","embeddable":true,"href":"https:\/\/mestergull.no\/melhus\/wp-json\/wp\/v2\/leverandor?post=7960"},{"taxonomy":"varetype","embeddable":true,"href":"https:\/\/mestergull.no\/melhus\/wp-json\/wp\/v2\/varetype?post=7960"},{"taxonomy":"geografisk_tilknytning","embeddable":true,"href":"https:\/\/mestergull.no\/melhus\/wp-json\/wp\/v2\/geografisk_tilknytning?post=7960"},{"taxonomy":"varegruppe","embeddable":true,"href":"https:\/\/mestergull.no\/melhus\/wp-json\/wp\/v2\/varegruppe?post=7960"},{"taxonomy":"butikkrettigheter","embeddable":true,"href":"https:\/\/mestergull.no\/melhus\/wp-json\/wp\/v2\/butikkrettigheter?post=7960"}],"curies":[{"name":"wp","href":"https:\/\/api.w.org\/{rel}","templated":true}]}}