{"id":10226,"date":"2018-05-10T09:21:31","date_gmt":"2018-05-10T07:21:31","guid":{"rendered":"https:\/\/mester-3783.bolt52.servebolt.com\/?page_id=600"},"modified":"2018-09-16T20:59:53","modified_gmt":"2018-09-16T18:59:53","slug":"veileder","status":"publish","type":"page","link":"https:\/\/mestergull.no\/meyer\/veileder\/","title":{"rendered":"Kj\u00f8psveileder"},"content":{"rendered":"<p>Vi hjelper deg \u00e5 finne riktig produkt. Legg inn budsjett, velg kj\u00f8nn og\/eller varegruppe<\/p>\n","protected":false},"excerpt":{"rendered":"<p>Vi hjelper deg \u00e5 finne riktig produkt. Legg inn budsjett, velg kj\u00f8nn og\/eller varegruppe<\/p>\n","protected":false},"author":1,"featured_media":0,"parent":0,"menu_order":0,"comment_status":"closed","ping_status":"closed","template":"template-veileder.php","meta":{"_acf_changed":false,"footnotes":""},"class_list":["post-10226","page","type-page","status-publish","hentry"],"acf":[],"_links":{"self":[{"href":"https:\/\/mestergull.no\/meyer\/wp-json\/wp\/v2\/pages\/10226"}],"collection":[{"href":"https:\/\/mestergull.no\/meyer\/wp-json\/wp\/v2\/pages"}],"about":[{"href":"https:\/\/mestergull.no\/meyer\/wp-json\/wp\/v2\/types\/page"}],"author":[{"embeddable":true,"href":"https:\/\/mestergull.no\/meyer\/wp-json\/wp\/v2\/users\/1"}],"replies":[{"embeddable":true,"href":"https:\/\/mestergull.no\/meyer\/wp-json\/wp\/v2\/comments?post=10226"}],"version-history":[{"count":1,"href":"https:\/\/mestergull.no\/meyer\/wp-json\/wp\/v2\/pages\/10226\/revisions"}],"predecessor-version":[{"id":30916,"href":"https:\/\/mestergull.no\/meyer\/wp-json\/wp\/v2\/pages\/10226\/revisions\/30916"}],"wp:attachment":[{"href":"https:\/\/mestergull.no\/meyer\/wp-json\/wp\/v2\/media?parent=10226"}],"curies":[{"name":"wp","href":"https:\/\/api.w.org\/{rel}","templated":true}]}}