{"id":8020,"date":"2018-09-06T20:14:39","date_gmt":"2018-09-06T18:14:39","guid":{"rendered":"https:\/\/mestergull.no\/meyer\/produkt\/design-your-love-7\/"},"modified":"2025-09-18T16:23:03","modified_gmt":"2025-09-18T14:23:03","slug":"design-your-love-7","status":"publish","type":"product","link":"https:\/\/mestergull.no\/meyer\/produkt\/design-your-love-7\/","title":{"rendered":"DESIGN YOUR LOVE"},"content":{"rendered":"<ul>\n<li>Hvitt gull 585<\/li>\n<li>Bredde 6,0 mm, M\u00f8nster<\/li>\n<li>Med diamanter<\/li>\n<li><a href=\"\/blog\/LR-01\/\">Les mer?<\/a><\/li>\n<\/ul>\n","protected":false},"excerpt":{"rendered":"<p>Et klassisk par i hvitt gull med b\u00f8lgeformet m\u00f8nster og diamanter fattet p\u00e5 linje.<\/p>\n","protected":false},"featured_media":8220,"comment_status":"open","ping_status":"closed","template":"","meta":{"_acf_changed":false},"product_cat":[267],"product_tag":[],"merke":[257],"product_serie":[{"id":47,"name":"Eksempel","slug":"eksempel"}],"produsent":[],"leverandor":[166],"varetype":[],"geografisk_tilknytning":[],"varegruppe":[{"id":24,"name":"Gullsmykker","slug":"gullsmykker"}],"butikkrettigheter":[],"class_list":{"0":"post-8020","1":"product","2":"type-product","3":"status-publish","4":"has-post-thumbnail","6":"product_cat-ring","7":"product_brand-lykkeringene","8":"product_serie-eksempel","9":"product_leverandor-mestergull-as","10":"varegruppe-gullsmykker","12":"first","13":"outofstock","14":"taxable","15":"shipping-taxable","16":"product-type-simple"},"acf":[],"product_brand":[{"id":257,"name":"LYKKERINGENE","slug":"lykkeringene"}],"product_leverandor":[{"id":166,"name":"Mestergull AS","slug":"mestergull-as"}],"_links":{"self":[{"href":"https:\/\/mestergull.no\/meyer\/wp-json\/wp\/v2\/product\/8020"}],"collection":[{"href":"https:\/\/mestergull.no\/meyer\/wp-json\/wp\/v2\/product"}],"about":[{"href":"https:\/\/mestergull.no\/meyer\/wp-json\/wp\/v2\/types\/product"}],"replies":[{"embeddable":true,"href":"https:\/\/mestergull.no\/meyer\/wp-json\/wp\/v2\/comments?post=8020"}],"wp:featuredmedia":[{"embeddable":true,"href":"https:\/\/mestergull.no\/meyer\/wp-json\/wp\/v2\/media\/8220"}],"wp:attachment":[{"href":"https:\/\/mestergull.no\/meyer\/wp-json\/wp\/v2\/media?parent=8020"}],"wp:term":[{"taxonomy":"product_cat","embeddable":true,"href":"https:\/\/mestergull.no\/meyer\/wp-json\/wp\/v2\/product_cat?post=8020"},{"taxonomy":"product_tag","embeddable":true,"href":"https:\/\/mestergull.no\/meyer\/wp-json\/wp\/v2\/product_tag?post=8020"},{"taxonomy":"product_brand","embeddable":true,"href":"https:\/\/mestergull.no\/meyer\/wp-json\/wp\/v2\/merke?post=8020"},{"taxonomy":"product_serie","embeddable":true,"href":"https:\/\/mestergull.no\/meyer\/wp-json\/wp\/v2\/product_serie?post=8020"},{"taxonomy":"produsent","embeddable":true,"href":"https:\/\/mestergull.no\/meyer\/wp-json\/wp\/v2\/produsent?post=8020"},{"taxonomy":"product_leverandor","embeddable":true,"href":"https:\/\/mestergull.no\/meyer\/wp-json\/wp\/v2\/leverandor?post=8020"},{"taxonomy":"varetype","embeddable":true,"href":"https:\/\/mestergull.no\/meyer\/wp-json\/wp\/v2\/varetype?post=8020"},{"taxonomy":"geografisk_tilknytning","embeddable":true,"href":"https:\/\/mestergull.no\/meyer\/wp-json\/wp\/v2\/geografisk_tilknytning?post=8020"},{"taxonomy":"varegruppe","embeddable":true,"href":"https:\/\/mestergull.no\/meyer\/wp-json\/wp\/v2\/varegruppe?post=8020"},{"taxonomy":"butikkrettigheter","embeddable":true,"href":"https:\/\/mestergull.no\/meyer\/wp-json\/wp\/v2\/butikkrettigheter?post=8020"}],"curies":[{"name":"wp","href":"https:\/\/api.w.org\/{rel}","templated":true}]}}