{"id":10620,"date":"2018-06-05T22:34:06","date_gmt":"2018-06-05T20:34:06","guid":{"rendered":"https:\/\/mester-3783.bolt52.servebolt.com\/?page_id=2966"},"modified":"2026-03-26T14:55:12","modified_gmt":"2026-03-26T13:55:12","slug":"om-oss","status":"publish","type":"page","link":"https:\/\/mestergull.no\/ronning\/om-oss\/","title":{"rendered":"Om oss"},"content":{"rendered":"<p style=\"text-align: center\">Mestergull er landets ledende gruppering i gullsmedbransjen og h\u00f8ster anerkjennelse for spennende smykkekolleksjoner og utf\u00f8relsen av h\u00e5ndverk av ypperste klasse.<\/p>\n<p style=\"text-align: center\">Mestergull H. G R\u00f8nning er lokalisert i T\u00f8nsberg sentrum, og har gullsmeder p\u00e5 huset.<\/p>\n<div id=\"selenium-highlight\">\u00a0<\/div>\n<div id=\"selenium-highlight\">\u00a0<\/div>\n<div id=\"selenium-highlight\">\u00a0<\/div>\n<div id=\"selenium-highlight\">\u00a0<\/div>\n<div id=\"selenium-highlight\">\u00a0<\/div>\n<div id=\"selenium-highlight\">\u00a0<\/div>\n<div id=\"selenium-highlight\">\u00a0<\/div>\n<div id=\"selenium-highlight\">\u00a0<\/div>\n<div id=\"selenium-highlight\">\u00a0<\/div>\n<div id=\"selenium-highlight\">\u00a0<\/div>\n<div id=\"selenium-highlight\">\u00a0<\/div><p><\/p>","protected":false},"excerpt":{"rendered":"<p>Mestergull er landets ledende gruppering i gullsmedbransjen og h\u00f8ster anerkjennelse for spennende smykkekolleksjoner og utf\u00f8relsen av h\u00e5ndverk av ypperste klasse. Mestergull H. G R\u00f8nning er lokalisert i T\u00f8nsberg sentrum, og har gullsmeder p\u00e5 huset. \u00a0 \u00a0 \u00a0 \u00a0 \u00a0 \u00a0 \u00a0 \u00a0 \u00a0 \u00a0 \u00a0<\/p>\n","protected":false},"author":1,"featured_media":65090,"parent":0,"menu_order":0,"comment_status":"closed","ping_status":"closed","template":"","meta":{"_acf_changed":false,"footnotes":""},"class_list":["post-10620","page","type-page","status-publish","has-post-thumbnail","hentry"],"acf":[],"_links":{"self":[{"href":"https:\/\/mestergull.no\/ronning\/wp-json\/wp\/v2\/pages\/10620"}],"collection":[{"href":"https:\/\/mestergull.no\/ronning\/wp-json\/wp\/v2\/pages"}],"about":[{"href":"https:\/\/mestergull.no\/ronning\/wp-json\/wp\/v2\/types\/page"}],"author":[{"embeddable":true,"href":"https:\/\/mestergull.no\/ronning\/wp-json\/wp\/v2\/users\/1"}],"replies":[{"embeddable":true,"href":"https:\/\/mestergull.no\/ronning\/wp-json\/wp\/v2\/comments?post=10620"}],"version-history":[{"count":24,"href":"https:\/\/mestergull.no\/ronning\/wp-json\/wp\/v2\/pages\/10620\/revisions"}],"predecessor-version":[{"id":66257,"href":"https:\/\/mestergull.no\/ronning\/wp-json\/wp\/v2\/pages\/10620\/revisions\/66257"}],"wp:featuredmedia":[{"embeddable":true,"href":"https:\/\/mestergull.no\/ronning\/wp-json\/wp\/v2\/media\/65090"}],"wp:attachment":[{"href":"https:\/\/mestergull.no\/ronning\/wp-json\/wp\/v2\/media?parent=10620"}],"curies":[{"name":"wp","href":"https:\/\/api.w.org\/{rel}","templated":true}]}}